{"id":26048,"date":"2024-02-23T11:29:13","date_gmt":"2024-02-23T10:29:13","guid":{"rendered":"https:\/\/www.foretdesainthubert-tourisme.be\/wanderfuehrer\/"},"modified":"2026-02-20T14:21:33","modified_gmt":"2026-02-20T13:21:33","slug":"wanderfuehrer","status":"publish","type":"page","link":"https:\/\/www.foretdesainthubert-tourisme.be\/de\/wanderfuehrer\/","title":{"rendered":"Wanderf\u00fchrer"},"content":{"rendered":"\t\t<div data-elementor-type=\"wp-page\" data-elementor-id=\"26048\" class=\"elementor elementor-26048 elementor-23757\" data-elementor-post-type=\"page\">\n\t\t\t\t\t\t<section class=\"elementor-section elementor-top-section elementor-element elementor-element-747f0c60 elementor-section-full_width elementor-section-height-default elementor-section-height-default\" data-id=\"747f0c60\" data-element_type=\"section\" data-e-type=\"section\" data-settings=\"{&quot;background_background&quot;:&quot;classic&quot;}\">\n\t\t\t\t\t\t\t<div class=\"elementor-background-overlay\"><\/div>\n\t\t\t\t\t\t\t<div class=\"elementor-container elementor-column-gap-default\">\n\t\t\t\t\t<div class=\"elementor-column elementor-col-100 elementor-top-column elementor-element elementor-element-73ea950f\" data-id=\"73ea950f\" data-element_type=\"column\" data-e-type=\"column\">\n\t\t\t<div class=\"elementor-widget-wrap elementor-element-populated\">\n\t\t\t\t\t\t<div class=\"elementor-element elementor-element-2007f0b7 elementor-widget elementor-widget-heading\" data-id=\"2007f0b7\" data-element_type=\"widget\" data-e-type=\"widget\" data-widget_type=\"heading.default\">\n\t\t\t\t\t<h1 class=\"elementor-heading-title elementor-size-default\">Organisierte Aktivit\u00e4ten<\/h1>\t\t\t\t<\/div>\n\t\t\t\t\t<\/div>\n\t\t<\/div>\n\t\t\t\t\t<\/div>\n\t\t<\/section>\n\t\t\t\t<section class=\"elementor-section elementor-top-section elementor-element elementor-element-13b5455 elementor-section-boxed elementor-section-height-default elementor-section-height-default\" data-id=\"13b5455\" data-element_type=\"section\" data-e-type=\"section\">\n\t\t\t\t\t\t<div class=\"elementor-container elementor-column-gap-default\">\n\t\t\t\t\t<div class=\"elementor-column elementor-col-100 elementor-top-column elementor-element elementor-element-7743748\" data-id=\"7743748\" data-element_type=\"column\" data-e-type=\"column\">\n\t\t\t<div class=\"elementor-widget-wrap elementor-element-populated\">\n\t\t\t\t\t\t<div class=\"elementor-element elementor-element-dd42167 elementor-widget elementor-widget-heading\" data-id=\"dd42167\" data-element_type=\"widget\" data-e-type=\"widget\" data-widget_type=\"heading.default\">\n\t\t\t\t\t<h2 class=\"elementor-heading-title elementor-size-default\">Begleitung von Wanderungen<\/h2>\t\t\t\t<\/div>\n\t\t\t\t\t<\/div>\n\t\t<\/div>\n\t\t\t\t\t<\/div>\n\t\t<\/section>\n\t\t\t\t<section class=\"elementor-section elementor-top-section elementor-element elementor-element-411c0b1 elementor-section-boxed elementor-section-height-default elementor-section-height-default\" data-id=\"411c0b1\" data-element_type=\"section\" data-e-type=\"section\">\n\t\t\t\t\t\t<div class=\"elementor-container elementor-column-gap-default\">\n\t\t\t\t\t<div class=\"elementor-column elementor-col-50 elementor-top-column elementor-element elementor-element-dfea16e\" data-id=\"dfea16e\" data-element_type=\"column\" data-e-type=\"column\">\n\t\t\t<div class=\"elementor-widget-wrap elementor-element-populated\">\n\t\t\t\t\t\t<div class=\"elementor-element elementor-element-c3706b7 content-align-cta-default elementor-widget elementor-widget-eael-cta-box\" data-id=\"c3706b7\" data-element_type=\"widget\" data-e-type=\"widget\" data-widget_type=\"eael-cta-box.default\">\n\t\t\t\t\t\t\t<div class=\"eael-call-to-action cta-basic bg-lite cta-preset-1\">\n        <h2 class=\"title eael-cta-heading\">CapRando<\/h2><p>Wanderbegleitung durch Fabienne Corbeel (CFAR-F\u00fchrerin).<\/p>\n<p><u>Sportliche Wanderung:<\/u><\/p>\n<p>F\u00fcr Gruppen bis zu 15 Personen.<\/p>\n<p>Sportliches Niveau (+\/- 20 km, mehr als 500 m positiver H\u00f6henunterschied).<\/p>\n<p>Dauer: einen Tag.<\/p>\n<p>Gesprochene Sprache: Franz\u00f6sisch, Niederl\u00e4ndisch.<\/p>\n<p>Pauschalpreis je nach Anzahl der Personen.<\/p>\n<p>Richtwert: 100 \u20ac f\u00fcr eine Gruppe von 2 bis 8 Personen, 10 \u20ac f\u00fcr jede weitere Person).<\/p>\n<p><u>Naturkundliche Entdeckungen (Wald, Ornithologie, Hirsche...):<\/u><\/p>\n<p>F\u00fcr Gruppen bis zu 15 Personen.<\/p>\n<p>Dauer: 3 bis 5 Stunden.<\/p>\n<p>Gesprochene Sprachen: Franz\u00f6sisch, Niederl\u00e4ndisch.<\/p>\n<p>Pauschalpreis je nach Angebot.<\/p>\n<p>Richtwert: 75 \u20ac f\u00fcr eine dreist\u00fcndige Wanderung, 120 \u20ac f\u00fcr eine f\u00fcnfst\u00fcndige Wanderung.<\/p>\n<a href=\"https:\/\/www.facebook.com\/CapRandoNature\" class=\"cta-button cta-preset-1  \">Zur Facebook-Seite<\/a>\t<\/div>\n\t\t\t\t\t\t\t\t<\/div>\n\t\t\t\t\t<\/div>\n\t\t<\/div>\n\t\t\t\t<div class=\"elementor-column elementor-col-50 elementor-top-column elementor-element elementor-element-f7330ce\" data-id=\"f7330ce\" data-element_type=\"column\" data-e-type=\"column\">\n\t\t\t<div class=\"elementor-widget-wrap\">\n\t\t\t\t\t\t\t<\/div>\n\t\t<\/div>\n\t\t\t\t\t<\/div>\n\t\t<\/section>\n\t\t\t\t<section class=\"elementor-section elementor-top-section elementor-element elementor-element-640e1c7 elementor-section-boxed elementor-section-height-default elementor-section-height-default\" data-id=\"640e1c7\" data-element_type=\"section\" data-e-type=\"section\">\n\t\t\t\t\t\t<div class=\"elementor-container elementor-column-gap-default\">\n\t\t\t\t\t<div class=\"elementor-column elementor-col-100 elementor-top-column elementor-element elementor-element-eec8b49\" data-id=\"eec8b49\" data-element_type=\"column\" data-e-type=\"column\">\n\t\t\t<div class=\"elementor-widget-wrap elementor-element-populated\">\n\t\t\t\t\t\t<div class=\"elementor-element elementor-element-49d6f59 elementor-widget elementor-widget-heading\" data-id=\"49d6f59\" data-element_type=\"widget\" data-e-type=\"widget\" data-widget_type=\"heading.default\">\n\t\t\t\t\t<h2 class=\"elementor-heading-title elementor-size-default\">spielerische entdeckungswanderungen &amp; microaventures<\/h2>\t\t\t\t<\/div>\n\t\t\t\t\t<\/div>\n\t\t<\/div>\n\t\t\t\t\t<\/div>\n\t\t<\/section>\n\t\t\t\t<section class=\"elementor-section elementor-top-section elementor-element elementor-element-0af351d elementor-section-boxed elementor-section-height-default elementor-section-height-default\" data-id=\"0af351d\" data-element_type=\"section\" data-e-type=\"section\">\n\t\t\t\t\t\t<div class=\"elementor-container elementor-column-gap-default\">\n\t\t\t\t\t<div class=\"elementor-column elementor-col-50 elementor-top-column elementor-element elementor-element-d8184aa\" data-id=\"d8184aa\" data-element_type=\"column\" data-e-type=\"column\">\n\t\t\t<div class=\"elementor-widget-wrap elementor-element-populated\">\n\t\t\t\t\t\t<div class=\"elementor-element elementor-element-99cf601 content-align-cta-default elementor-widget elementor-widget-eael-cta-box\" data-id=\"99cf601\" data-element_type=\"widget\" data-e-type=\"widget\" data-widget_type=\"eael-cta-box.default\">\n\t\t\t\t\t\t\t<div class=\"eael-call-to-action cta-basic bg-lite cta-preset-1\">\n        <h2 class=\"title eael-cta-heading\">Back to Basi'CS<\/h2><p>F\u00fcr Gruppen von 4 bis 10 Personen.<br \/>Organisation von Mikroabenteuern und thematischen Entdeckungswanderungen in Form von Spielen und R\u00e4tseln auf einer Route, die nach den Bed\u00fcrfnissen der Gruppe ausgew\u00e4hlt wird. Entlang der gesamten Route sind Checkpoints mit Pr\u00fcfungen vorgesehen (ebenfalls anpassbar und individuell gestaltbar).<\/p>\n<a href=\"https:\/\/www.facebook.com\/profile.php?id=100086055755665\" class=\"cta-button cta-preset-1  \">Zur Facebook-Seite<\/a>\t<\/div>\n\t\t\t\t\t\t\t\t<\/div>\n\t\t\t\t\t<\/div>\n\t\t<\/div>\n\t\t\t\t<div class=\"elementor-column elementor-col-50 elementor-top-column elementor-element elementor-element-9b34c36\" data-id=\"9b34c36\" data-element_type=\"column\" data-e-type=\"column\">\n\t\t\t<div class=\"elementor-widget-wrap\">\n\t\t\t\t\t\t\t<\/div>\n\t\t<\/div>\n\t\t\t\t\t<\/div>\n\t\t<\/section>\n\t\t\t\t<\/div>\n\t\t","protected":false},"excerpt":{"rendered":"<p>Organisierte Aktivit\u00e4ten Begleitung von Wanderungen CapRando Wanderbegleitung durch Fabienne Corbeel (CFAR-F\u00fchrerin). Sportliche Wanderung: F\u00fcr Gruppen bis zu 15 Personen. Sportliches Niveau (+\/- 20 km, mehr als 500 m positiver H\u00f6henunterschied). Dauer: einen Tag. Gesprochene Sprache: Franz\u00f6sisch, Niederl\u00e4ndisch. Pauschalpreis je nach Anzahl der Personen. Richtwert: 100 \u20ac f\u00fcr eine Gruppe von 2 bis 8 Personen, 10 [&hellip;]<\/p>\n","protected":false},"author":7,"featured_media":0,"parent":0,"menu_order":0,"comment_status":"closed","ping_status":"closed","template":"","meta":{"_seopress_robots_primary_cat":"","_seopress_titles_title":"","_seopress_titles_desc":"","_seopress_robots_index":"","site-sidebar-layout":"no-sidebar","site-content-layout":"page-builder","ast-site-content-layout":"full-width-container","site-content-style":"default","site-sidebar-style":"default","ast-global-header-display":"","ast-banner-title-visibility":"","ast-main-header-display":"","ast-hfb-above-header-display":"","ast-hfb-below-header-display":"","ast-hfb-mobile-header-display":"","site-post-title":"disabled","ast-breadcrumbs-content":"","ast-featured-img":"disabled","footer-sml-layout":"","ast-disable-related-posts":"","theme-transparent-header-meta":"default","adv-header-id-meta":"","stick-header-meta":"","header-above-stick-meta":"","header-main-stick-meta":"","header-below-stick-meta":"","astra-migrate-meta-layouts":"default","ast-page-background-enabled":"default","ast-page-background-meta":{"desktop":{"background-color":"","background-image":"","background-repeat":"repeat","background-position":"center center","background-size":"auto","background-attachment":"scroll","background-type":"","background-media":"","overlay-type":"","overlay-color":"","overlay-opacity":"","overlay-gradient":""},"tablet":{"background-color":"","background-image":"","background-repeat":"repeat","background-position":"center center","background-size":"auto","background-attachment":"scroll","background-type":"","background-media":"","overlay-type":"","overlay-color":"","overlay-opacity":"","overlay-gradient":""},"mobile":{"background-color":"","background-image":"","background-repeat":"repeat","background-position":"center center","background-size":"auto","background-attachment":"scroll","background-type":"","background-media":"","overlay-type":"","overlay-color":"","overlay-opacity":"","overlay-gradient":""}},"ast-content-background-meta":{"desktop":{"background-color":"var(--ast-global-color-5)","background-image":"","background-repeat":"repeat","background-position":"center center","background-size":"auto","background-attachment":"scroll","background-type":"","background-media":"","overlay-type":"","overlay-color":"","overlay-opacity":"","overlay-gradient":""},"tablet":{"background-color":"var(--ast-global-color-5)","background-image":"","background-repeat":"repeat","background-position":"center center","background-size":"auto","background-attachment":"scroll","background-type":"","background-media":"","overlay-type":"","overlay-color":"","overlay-opacity":"","overlay-gradient":""},"mobile":{"background-color":"var(--ast-global-color-5)","background-image":"","background-repeat":"repeat","background-position":"center center","background-size":"auto","background-attachment":"scroll","background-type":"","background-media":"","overlay-type":"","overlay-color":"","overlay-opacity":"","overlay-gradient":""}},"footnotes":""},"categories":[],"class_list":["post-26048","page","type-page","status-publish","hentry"],"_links":{"self":[{"href":"https:\/\/www.foretdesainthubert-tourisme.be\/de\/wp-json\/wp\/v2\/pages\/26048","targetHints":{"allow":["GET"]}}],"collection":[{"href":"https:\/\/www.foretdesainthubert-tourisme.be\/de\/wp-json\/wp\/v2\/pages"}],"about":[{"href":"https:\/\/www.foretdesainthubert-tourisme.be\/de\/wp-json\/wp\/v2\/types\/page"}],"author":[{"embeddable":true,"href":"https:\/\/www.foretdesainthubert-tourisme.be\/de\/wp-json\/wp\/v2\/users\/7"}],"replies":[{"embeddable":true,"href":"https:\/\/www.foretdesainthubert-tourisme.be\/de\/wp-json\/wp\/v2\/comments?post=26048"}],"version-history":[{"count":5,"href":"https:\/\/www.foretdesainthubert-tourisme.be\/de\/wp-json\/wp\/v2\/pages\/26048\/revisions"}],"predecessor-version":[{"id":36222,"href":"https:\/\/www.foretdesainthubert-tourisme.be\/de\/wp-json\/wp\/v2\/pages\/26048\/revisions\/36222"}],"wp:attachment":[{"href":"https:\/\/www.foretdesainthubert-tourisme.be\/de\/wp-json\/wp\/v2\/media?parent=26048"}],"wp:term":[{"taxonomy":"category","embeddable":true,"href":"https:\/\/www.foretdesainthubert-tourisme.be\/de\/wp-json\/wp\/v2\/categories?post=26048"}],"curies":[{"name":"wp","href":"https:\/\/api.w.org\/{rel}","templated":true}]}}

Wanderführer

<div data-elementor-type="wp-page" data-elementor-id="26048" class="elementor elementor-26048 elementor-23757" data-elementor-post-type="page">
						<section class="elementor-section elementor-top-section elementor-element elementor-element-747f0c60 elementor-section-full_width elementor-section-height-default elementor-section-height-default" data-id="747f0c60" data-element_type="section" data-e-type="section" data-settings="{&quot;background_background&quot;:&quot;classic&quot;}">
							<div class="elementor-background-overlay"></div>
							<div class="elementor-container elementor-column-gap-default">
					<div class="elementor-column elementor-col-100 elementor-top-column elementor-element elementor-element-73ea950f" data-id="73ea950f" data-element_type="column" data-e-type="column">
			<div class="elementor-widget-wrap elementor-element-populated">
						<div class="elementor-element elementor-element-2007f0b7 elementor-widget elementor-widget-heading" data-id="2007f0b7" data-element_type="widget" data-e-type="widget" data-widget_type="heading.default">
					<h1 class="elementor-heading-title elementor-size-default">Organisierte Aktivitäten</h1>				</div>
					</div>
		</div>
					</div>
		</section>
				<section class="elementor-section elementor-top-section elementor-element elementor-element-13b5455 elementor-section-boxed elementor-section-height-default elementor-section-height-default" data-id="13b5455" data-element_type="section" data-e-type="section">
						<div class="elementor-container elementor-column-gap-default">
					<div class="elementor-column elementor-col-100 elementor-top-column elementor-element elementor-element-7743748" data-id="7743748" data-element_type="column" data-e-type="column">
			<div class="elementor-widget-wrap elementor-element-populated">
						<div class="elementor-element elementor-element-dd42167 elementor-widget elementor-widget-heading" data-id="dd42167" data-element_type="widget" data-e-type="widget" data-widget_type="heading.default">
					<h2 class="elementor-heading-title elementor-size-default">Begleitung von Wanderungen</h2>				</div>
					</div>
		</div>
					</div>
		</section>
				<section class="elementor-section elementor-top-section elementor-element elementor-element-411c0b1 elementor-section-boxed elementor-section-height-default elementor-section-height-default" data-id="411c0b1" data-element_type="section" data-e-type="section">
						<div class="elementor-container elementor-column-gap-default">
					<div class="elementor-column elementor-col-50 elementor-top-column elementor-element elementor-element-dfea16e" data-id="dfea16e" data-element_type="column" data-e-type="column">
			<div class="elementor-widget-wrap elementor-element-populated">
						<div class="elementor-element elementor-element-c3706b7 content-align-cta-default elementor-widget elementor-widget-eael-cta-box" data-id="c3706b7" data-element_type="widget" data-e-type="widget" data-widget_type="eael-cta-box.default">
							<div class="eael-call-to-action cta-basic bg-lite cta-preset-1">
        <h2 class="title eael-cta-heading">CapRando</h2><p>Wanderbegleitung durch Fabienne Corbeel (CFAR-Führerin).</p>
<p><u>Sportliche Wanderung:</u></p>
<p>Für Gruppen bis zu 15 Personen.</p>
<p>Sportliches Niveau (+/- 20 km, mehr als 500 m positiver Höhenunterschied).</p>
<p>Dauer: einen Tag.</p>
<p>Gesprochene Sprache: Französisch, Niederländisch.</p>
<p>Pauschalpreis je nach Anzahl der Personen.</p>
<p>Richtwert: 100 € für eine Gruppe von 2 bis 8 Personen, 10 € für jede weitere Person).</p>
<p><u>Naturkundliche Entdeckungen (Wald, Ornithologie, Hirsche...):</u></p>
<p>Für Gruppen bis zu 15 Personen.</p>
<p>Dauer: 3 bis 5 Stunden.</p>
<p>Gesprochene Sprachen: Französisch, Niederländisch.</p>
<p>Pauschalpreis je nach Angebot.</p>
<p>Richtwert: 75 € für eine dreistündige Wanderung, 120 € für eine fünfstündige Wanderung.</p>
<a href="https://www.facebook.com/CapRandoNature" class="cta-button cta-preset-1  ">Zur Facebook-Seite</a>	</div>
								</div>
					</div>
		</div>
				<div class="elementor-column elementor-col-50 elementor-top-column elementor-element elementor-element-f7330ce" data-id="f7330ce" data-element_type="column" data-e-type="column">
			<div class="elementor-widget-wrap">
							</div>
		</div>
					</div>
		</section>
				<section class="elementor-section elementor-top-section elementor-element elementor-element-640e1c7 elementor-section-boxed elementor-section-height-default elementor-section-height-default" data-id="640e1c7" data-element_type="section" data-e-type="section">
						<div class="elementor-container elementor-column-gap-default">
					<div class="elementor-column elementor-col-100 elementor-top-column elementor-element elementor-element-eec8b49" data-id="eec8b49" data-element_type="column" data-e-type="column">
			<div class="elementor-widget-wrap elementor-element-populated">
						<div class="elementor-element elementor-element-49d6f59 elementor-widget elementor-widget-heading" data-id="49d6f59" data-element_type="widget" data-e-type="widget" data-widget_type="heading.default">
					<h2 class="elementor-heading-title elementor-size-default">spielerische entdeckungswanderungen &amp; microaventures</h2>				</div>
					</div>
		</div>
					</div>
		</section>
				<section class="elementor-section elementor-top-section elementor-element elementor-element-0af351d elementor-section-boxed elementor-section-height-default elementor-section-height-default" data-id="0af351d" data-element_type="section" data-e-type="section">
						<div class="elementor-container elementor-column-gap-default">
					<div class="elementor-column elementor-col-50 elementor-top-column elementor-element elementor-element-d8184aa" data-id="d8184aa" data-element_type="column" data-e-type="column">
			<div class="elementor-widget-wrap elementor-element-populated">
						<div class="elementor-element elementor-element-99cf601 content-align-cta-default elementor-widget elementor-widget-eael-cta-box" data-id="99cf601" data-element_type="widget" data-e-type="widget" data-widget_type="eael-cta-box.default">
							<div class="eael-call-to-action cta-basic bg-lite cta-preset-1">
        <h2 class="title eael-cta-heading">Back to Basi'CS</h2><p>Für Gruppen von 4 bis 10 Personen.<br />Organisation von Mikroabenteuern und thematischen Entdeckungswanderungen in Form von Spielen und Rätseln auf einer Route, die nach den Bedürfnissen der Gruppe ausgewählt wird. Entlang der gesamten Route sind Checkpoints mit Prüfungen vorgesehen (ebenfalls anpassbar und individuell gestaltbar).</p>
<a href="https://www.facebook.com/profile.php?id=100086055755665" class="cta-button cta-preset-1  ">Zur Facebook-Seite</a>	</div>
								</div>
					</div>
		</div>
				<div class="elementor-column elementor-col-50 elementor-top-column elementor-element elementor-element-9b34c36" data-id="9b34c36" data-element_type="column" data-e-type="column">
			<div class="elementor-widget-wrap">
							</div>
		</div>
					</div>
		</section>
				</div>

<p>Organisierte Aktivitäten Begleitung von Wanderungen CapRando Wanderbegleitung durch Fabienne Corbeel (CFAR-Führerin). Sportliche Wanderung: Für Gruppen bis zu 15 Personen. Sportliches Niveau (+/- 20 km, mehr als 500 m positiver Höhenunterschied). Dauer: einen Tag. Gesprochene Sprache: Französisch, Niederländisch. Pauschalpreis je nach Anzahl der Personen. Richtwert: 100 € für eine Gruppe von 2 bis 8 Personen, 10 [&hellip;]</p>
